s(y) = -y**2 - 7*y - 1. Determine s(u).
-9
Let o(j) be the third derivative of j**6/120 - j**5/30 + j**4/6 - j**3/3 + j**2. Suppose -500*t = -502*t + 12. Let y be (t/32*4)/(9/24). What is o(y)?
6
Let b(j) = -j - 9. Let k = -186 + 183. What is b(k)?
-6
Let h(p) = 7*p**2 - 7*p - 3. Let v(z) = -6*z**2 + 6*z + 2. Let k(t) = 3*h(t) + 4*v(t). Suppose -17*n + 113 = 62. Determine k(n).
-19
Suppose 14*q = -419 + 433. Let z(f) = 52*f**3 + f**2 - f. Give z(q).
52
Let i(q) = -q**3 - 28*q**2 + 21*q - 231. Let t be i(-29). Let j(n) = -11*n + 7. Determine j(t).
-4
Let n(o) = 0*o**2 - 2*o**2 + o**2. Let b(z) = -z**2 + 4*z - 1. Let f be b(6). Let t = f - -15. Calculate n(t).
-4
Let m(x) = -x**2 - x - 1. Let v(o) = 7*o**2 + 2*o + 3. Let u(k) = 4*m(k) + v(k). Suppose 0 = -2*t + 2 - 4. Give u(t).
4
Let l(w) be the second derivative of 1/12*w**4 + 0 + 7/6*w**3 - 3/2*w**2 - 34*w. What is l(-7)?
-3
Let r(i) = 2*i - 2. Let s be 4 + (-380)/(-65) - 4/(-26). Calculate r(s).
18
Let m(k) = -94 - 8*k + 44 - k**3 + 43 - 7*k**2 + 0*k**2. Determine m(-5).
-17
Suppose 2*g = -2*g - 24. Let a be (-1)/2 + 33/g. Let r(i) = -i**2 - 9*i - 5. Give r(a).
13
Let u(r) be the first derivative of 1/2*r**2 + 5*r + 5. Give u(0).
5
Let b(q) be the first derivative of q**3/3 + 3*q**2/2 - q - 167. Give b(-5).
9
Let z(s) = -s**2 + 2*s - 1. Let k(n) = -2*n**2 + 6*n + 22. Let t(b) = k(b) - 3*z(b). Calculate t(0).
25
Let c be 3 + 15/((-75)/(-20)). Let l(r) = 3*r - 30. What is l(c)?
-9
Let i(t) = 7*t**3 - t**2 + 5*t - 7. Let m(h) = 7*h**3 - h**2 + 4*h - 6. Let l = 7 + -2. Let b(k) = l*i(k) - 6*m(k). Suppose 0 = -8*x - 7 - 1. Calculate b(x).
8
Let s(d) be the third derivative of -d**6/120 - d**5/15 - d**4/12 - d**3/2 - 5*d**2 + d. Calculate s(-2).
-7
Let n(a) = -a**2 - 6*a + 10. Suppose 14*t = -71 - 27. Calculate n(t).
3
Let v(j) = 3*j + 8*j - 12 + 6*j - 18*j - 2. Let z(l) = -l. Let d be -1 - (-2 - -1)*8. Let s be z(d). Give v(s).
-7
Let s(q) = -q**2 - 4. Let m(v) = v**2 + v + 8. Let g(u) = -1. Let r(k) = 5*g(k) + m(k). Let w(i) = 5*r(i) + 4*s(i). Calculate w(-5).
-1
Let w be -3*-6*(-2)/9. Let z(r) be the first derivative of r**3/3 - 2*r + 13. What is z(w)?
14
Let r(m) = 2*m - 2. Suppose 9*b + 69 = 6*b. Let g = b - -19. Determine r(g).
-10
Suppose 396 = -7*q + 410. Let n(b) = 2*b**2 - 2*b + 1. What is n(q)?
5
Let g(v) = v + 7. Suppose -80 + 20 = 3*n. Let i = 14 + n. What is g(i)?
1
Let s be (16 - 18)*(-1 + 3/2). Let a be -1*(-1 + s) - 0/(-2). Let t(c) = -c**2 - 1 + 2*c - 2 + 3*c. Give t(a).
3
Let m(q) = 7. Let f(b) = 5*b - 205. Let p(g) = -f(g) - 25*m(g). What is p(8)?
-10
Let q(n) = -n**3 + 5*n**2 - 6*n + 2. Let l = -9 + 13. Let v be 2*(18/l)/3. Suppose 2*u - 3*t - 6 - 2 = 0, -2*t = -v*u + 12. What is q(u)?
-6
Let f be 6/24 + (-11)/(-4). Let x(m) = m**3 - 3*m**2 - m - 2. Give x(f).
-5
Let j(g) = -g**2 + 6*g + 3. Let q be j(6). Let f(w) = -q*w**2 - 7 - w + 0*w**2 + 2*w**2. Let o = -22265 - -22265. Give f(o).
-7
Let h(m) = 3*m - 44 + 28 + 14 + 16. Calculate h(-4).
2
Let a(x) = 3*x**2 + 5*x + 4. Let y be (-1 + 8/5)/((-67)/335). Calculate a(y).
16
Suppose -4*f = -3*f - 4. Let q(x) = 2*x**3 - 3*x**2 + 2*x**2 - f*x**2 + 4*x**2. Let w(s) = -2*s - 23. Let d be w(-12). Calculate q(d).
1
Let q(r) = -r**2 + 5*r - 4. Let x be q(3). Let l(j) = 9*j + 7*j - 17*j + 2. Determine l(x).
0
Let f(y) = y**3 - 8*y**2 + y + 2. Let l(s) = -21*s - 165. Let h be l(-8). Determine f(h).
-40
Let m(q) = 2*q**2 + 2*q - 3. Let j(z) = -3*z + 43. Let k be j(14). Determine m(k).
1
Let g be (2*(-21)/6)/(5 + -4). Let o(h) = -h**3 - 8*h**2 - 7*h + 1. Let q be o(g). Let z(r) = -17*r**3 - r**2 + 1. Calculate z(q).
-17
Let x(q) = q**3 - q**2 - q - 1. Let d(a) = -2*a**3 + 3*a**2 - a - 2. Let h(w) = -d(w) - x(w). Calculate h(-2).
-17
Let v = 36 - 37. Let n(b) = -7*b**3 + 3*b**2 + 3*b + 4. Let p(r) = -15*r**3 + 5*r**2 + 5*r + 7. Let a(h) = 7*n(h) - 4*p(h). Calculate a(v).
-11
Let l(t) be the first derivative of t**3/3 + 4*t**2 + 8*t - 475. What is l(-8)?
8
Let x(a) = 14*a**2 - 7*a - 3. Let i(d) = -4*d**2 + d + 1. Let h(m) = 3*i(m) + x(m). Calculate h(3).
6
Let g(h) be the first derivative of 3*h**2/2 - h + 13. Suppose 10 = 5*j - 5*r, -5 = 3*j + 3*r - 17. What is g(j)?
8
Let i(o) = -o**3 + 36*o**2 + 71*o + 191. Let d be i(38). Let q(w) = -10*w. Give q(d).
-10
Let i = 1456 + -1442. Let d(g) = -g + 6. What is d(i)?
-8
Let w = -142 + 148. Let d(m) = -m**3 + 6*m**2 + 8. Give d(w).
8
Let u(x) be the third derivative of -4*x**2 - 1/12*x**4 + 7/6*x**3 + 0*x + 0. Give u(5).
-3
Let v(c) = -c**2 - 4*c - 1. Suppose 5*j - 1 = -f, -4*f - j = 2*j - 21. Let s be (-1 - (f - 4)) + -1. Calculate v(s).
-1
Let s(r) = -2*r + 36. Let k(m) = -m**3 + 6*m**2 - 11. Let q be k(4). Let h be s(q). Let z(l) = l**3 + 5*l**2 - 5*l + 1. Determine z(h).
-5
Suppose 5*a - 2*a = 42. Let b = a - 10. Let p(z) = 4*z - 6. Determine p(b).
10
Suppose 4*z - 37 = 3*v, 0*v = -2*v + 5*z - 34. Let q(o) = -o**3 - 9*o**2 - 13*o + 7. Calculate q(v).
0
Let d be (-3)/(-3*1/7). Let w(q) = q + 12 + 4 + 0*q - d. Calculate w(0).
9
Let g(u) = u - 7. Let n(f) = -f**3 - 15*f**2 - 18*f + 3. Let v be n(-13). Let y = v - -101. What is g(y)?
-7
Let u(r) = -2*r - 6. Let t be 5/(-1) - (-2)/(-1). What is u(t)?
8
Let h(l) be the third derivative of l**5/60 + l**4/6 + 3*l**3/2 + 704*l**2. Give h(-4).
9
Let h(k) = -8*k**3 + 2*k**2 + k. Suppose -a - 48 + 47 = 0. Determine h(a).
9
Let v(t) = -10*t + 2*t + 12*t**2 - 3 - 3 - 10*t**2. Determine v(7).
36
Suppose -5 - 14 = -19*u. Let b(d) = 4*d**2 - d + 1. Calculate b(u).
4
Let v(m) be the second derivative of -1/6*m**3 - 3*m - m**2 + 0 + 1/12*m**4. Give v(-2).
4
Let w(s) = -s**2 + 3*s + 4. Let a be w(4). Let t(d) = a*d - 2*d + 0 + d + 23. What is t(0)?
23
Let z(g) be the second derivative of -3*g**2 + 0 - 5/6*g**3 - 1/60*g**5 + 5/24*g**4 - 5*g. Let r(x) be the first derivative of z(x). Give r(6).
-11
Let u(x) be the third derivative of x**4/24 - 2*x**3/3 + 23*x**2. Let a = 6 + -11. Let m be (-8)/(-5) - 2/a. What is u(m)?
-2
Let q(d) = 14*d + 2*d + 16 + 2 + d**2 - d + 1. Give q(-13).
-7
Suppose -43 = -6*t - 13. Let r(z) = z**3 - 6*z**2 + 3*z + 2. What is r(t)?
-8
Let w = 1702 + -1187. Let b(f) = 4*f + 3*f**2 - f**2 + w - 511. Give b(-3).
10
Let u(h) = -h. Let t(w) = -2*w - 2 - 1 + 6. Let k(i) = t(i) - 4*u(i). What is k(-2)?
-1
Let x(y) = 5 + 4*y**2 + 6*y**2 - 16*y**2 + 7*y**2 - 10*y. What is x(12)?
29
Let z(d) = 2*d - 1. Let g(r) = -10*r - 5. Let v(a) = -19*a - 9. Let k(p) = -11*g(p) + 6*v(p). Let b(u) = 4*k(u) + 9*z(u). Calculate b(5).
5
Let d(l) = -3*l**2 - 2465 - 10*l**3 - 11*l**3 + 2*l**2 + 2465. What is d(-1)?
20
Suppose 4414*t - 4427*t + 104 = 0. Let s(l) = -l**2 + 3*l + 51. Determine s(t).
11
Suppose 4*g = -4*c, c - 4*g = 4*c - 2. Let l = -19 + 25. Let x(z) = 12*z - l*z - 3*z - 7*z - 1. Calculate x(c).
7
Suppose 5*n + 0*n + 160 = 0. Let b be -4 + (n/4)/4. Let i(k) = k**2 + 8*k + 9. Give i(b).
-3
Let j(r) = r**2 + 12*r - 1. Suppose 0 = -2*c + 15 - 41. Determine j(c).
12
Let x(a) = 5*a**2 + 11*a - 3. Let u be x(-6). Let y = 105 - u. Let v(m) = -m**3 - 5*m**2 + 3*m - 4. Determine v(y).
14
Let c(z) = -27*z + z**2 + 3 - 4 + 27*z. Let q(u) = -u**2 + 5*u**2 - 1 + u**3 - 2*u + 0*u**2. Let b(v) = 2*c(v) - q(v). What is b(-3)?
2
Let q = -42 + 43. Let i(u) = -11*u - 17 + 32*u + 17. Give i(q).
21
Let o(y) be the second derivative of -y**5/20 + 17*y**4/12 - 17*y**3/6 + 5*y**2 + 26*y. What is o(16)?
-6
Suppose 28*b = 127 - 43. Let n(z) = 2*z**2 - 6*z + 2. Give n(b).
2
Let x(w) be the second derivative of 6*w - 1/12*w**4 - 1/2*w**2 - 1/6*w**3 + 0. Give x(-4).
-13
Let d(z) = -z + 4. Let l(y) = -2*y**2 - 6*y. Let f = -15 - -12. Let g be l(f). Give d(g).
4
Suppose -5*l + 5*s - 70 = 0, 2*l + 19*s - 18*s + 22 = 0. Let j(u) = u**2 + 13*u + 7. Determine j(l).
-5
Let m(o) = o**2 - 2*o - 2. Let t be m(3). Let c(h) be the second derivative of 1/6*h**4 - 1/6*h**3 + 0*h**2 + 0 - 45*h + 1/4*h**5. Calculate c(t).
6
Let p(y) = -3*y - 5. Suppose 4*r + 16 = 0, 6*r - 3*r + 27 = 5*h. Suppose a + 4*a + 2 = -2*o, 5*a = -h*o - 3. Let g be 12/(-6) - (o + 5). Determine p(g).
13
Let w(c) = -24*c**3 - 17*c**2 - 11*c + 14. Let t(z) = -8*z**3 - 6*z**2 - 4*z + 5. Let m(g) = -17*t(g) + 6*w(g). Determine m(1).
-7
Suppose -9 = c - 4*c. Let p(t) = -4*t**3 + 4*t**2 - 12*t - 13. Let i(v) = -3*v**3 + 4*v**2